) = -15*z**2 - 9*z + 5. Let q(k) = 13*k**2 + 7*k - 4. Let x(c) = 5*i(c) + 6*q(c). Suppose -3*y = -6*y + 6. Suppose 0 = -g + y*g - 3. Determine x(g).
19
Let o(y) = 3*y**3 + 9*y**2 - 4*y - 4. Let m(c) = -c**3 - c**2 + 1. Let h(a) = -4*m(a) - o(a). Let r = -15 + 18. What is h(r)?
-6
Suppose -4 = 2*h + 4*u, -5 = 5*h - 4*u - 23. Suppose -4*c + h*b - 8 = 0, -6*c + 4 = -c + b. Let a(l) = l**2 + l + 10. Give a(c).
10
Let b(u) = u**2 - 1. Let g be b(1). Suppose 0 = -2*k - g + 8, 2*w + 2*k = 22. Let d(r) = -5*r**2 + 2*r**2 + 3 - r**3 + r + w*r**2. Give d(4).
7
Let k(f) = f**2 - 2*f**2 + 942 - 3*f - 943. Let j(q) = q**2 + q + 1. Let n = 5 - 3. Let d(o) = n*k(o) + 4*j(o). What is d(3)?
14
Let m = -56 + 44. Let q(u) = -u - 6. Calculate q(m).
6
Let n = -4 + -1. Let d(f) be the first derivative of -f**3/3 - 2*f**2 - 3*f - 172. What is d(n)?
-8
Suppose -4*s + 0*h - 4*h + 68 = 0, 0 = -s + 4*h + 2. Suppose -9*z + s + 31 = 0. Let f(n) = n**2 - 3*n - 5. What is f(z)?
5
Suppose 16 - 8 = 4*v. Suppose 4*k + k - 5*q = 45, 0 = v*k + 5*q + 10. Suppose -2*p - 5*u = 8, -k*p - 2*u + 34 = -3*u. Let t(f) = f**2 - 9*f + 5. Determine t(p).
-13
Let y(i) be the first derivative of i**5/120 - i**4/24 + 11*i**3/3 - 5. Let v(h) be the third derivative of y(h). Give v(-4).
-5
Let c(t) = -4*t + 4*t - 3*t - 2. Let k(y) = y**3 + 9*y**2 + 9*y + 3. Let x be k(-8). Let h(j) = -j**3 - 5*j**2 + j + 3. Let a be h(x). Determine c(a).
4
Let a(w) = -2*w**3 + 2*w**2 + w. Let l(b) = -2*b + 3. Let k be l(0). Suppose -4*z = k*z - 14. Suppose -7*p + 10 = -z*p. What is a(p)?
-6
Suppose 0 = 12*l + 98 + 70. Let s(w) = -w**3 - 15*w**2 - 13*w + 19. Give s(l).
5
Let h(t) be the second derivative of -t**4/12 + 2*t**3/3 - 2*t**2 + 372*t - 2. Suppose -5*n = -2*j - 5, n - 4*j + 0*j + 17 = 0. Determine h(n).
-1
Let s(b) be the second derivative of 11*b + 0 - 1/360*b**6 + 0*b**2 - 7/12*b**4 + 0*b**3 - 1/20*b**5. Let u(r) be the third derivative of s(r). Give u(-6).
6
Let o(h) = h - 5. Let m be o(9). Let l be 5 + 1/(2/m). Suppose q - l = -6. Let i(x) = -x**3 + x. Give i(q).
0
Let c(w) = 6*w**2 + 26*w + 17. Let u(t) = 4*t**2 + 17*t + 13. Let y(v) = 5*c(v) - 7*u(v). Give y(-6).
0
Let l(w) = 2*w**2 + 9*w + 7. Let h(y) = y**2 + y + 1. Let t(a) = -h(a) + l(a). Suppose -r - 5 = -0*r. Determine t(r).
-9
Let u(l) = l**3 + 11*l**2 + 11*l + 9. Let c(o) = 15 - 2 - o**2 + 5 + 12*o. Let i be c(14). Calculate u(i).
-1
Let x(g) be the second derivative of g**8/6720 - g**7/280 + g**6/90 + g**5/60 - 9*g**4/4 + 5*g. Let l(c) be the third derivative of x(c). Calculate l(8).
2
Let r(x) = x**3 - 8*x**2 + 8*x + 3. Let d(y) = 17*y - 27. Let i be d(2). What is r(i)?
10
Let b be (-75)/15*2/(-4). Let m(j) be the second derivative of j - b*j**2 + 0 + 1/3*j**3. What is m(6)?
7
Let k(g) = -g + 13. Suppose 0 = -8*w + 3*w - 285. Let b = 66 + w. Determine k(b).
4
Let q(j) = -2*j + 8. Let h be q(6). Let d(s) = -4*s**2 - 308*s**3 - 5*s - 4 + 627*s**3 - 320*s**3. What is d(h)?
16
Let g(j) = -j**2 + 3*j - 5. Suppose 0 = 4*i - 72 + 48. Calculate g(i).
-23
Suppose -201*b - 3*q + 7 = -200*b, -5*q = -b - 9. Let l(f) = 2*f**3 + 3 + 0*f**3 + f**2 - 4. What is l(b)?
2
Suppose -6*g - 12 = -12*g. Let i be (-3 + 1)*2 - g. Let t(p) = p - 2. What is t(i)?
-8
Suppose 0 = -2*d - 2*d + 12. Suppose m - 9 - d = 0. Suppose h - m = l, 2*h - 4*h + 10 = 0. Let c(r) = r**2 + 7*r + 9. Calculate c(l).
9
Let p(g) = -g + 6. Let d be p(5). Let q(x) = 11*x - 10*x + 7 - d. Suppose -w - w - 21 = 5*n, 4*n + 22 = w. Determine q(n).
1
Let k(j) = j**2 + 1. Let t be k(-2). Let o be 5 + ((-6)/(-3) - 2). Let p(d) = o*d - t*d + d. Determine p(-5).
-5
Let a(d) be the first derivative of d**4/4 + d**2/2 - 5. Let i(s) = 5*s**3 + 7*s**2 + 10*s + 3. Let h(x) = 4*a(x) - i(x). What is h(-6)?
-3
Let s(p) be the second derivative of 1/6*p**4 - 1/2*p**2 + 0 - 32*p + 1/20*p**5 + 1/2*p**3. Let l(f) = 2*f - 1. Let c be l(-1). Calculate s(c).
-19
Let g(c) = c**2 - 4*c - 8 + 11 + 4. Determine g(5).
12
Let s(b) = 5*b + 2. Let p be (2/(-4)*-1)/(1/4). Suppose -6*f + 4*f + 5*z = 29, 0 = -p*z + 10. Give s(f).
-8
Let i(r) = -r + 4. Let d = -12 + 14. Let p be i(d). Let s(m) = 0*m**p - 4*m + 12 - 16 + m**2. Calculate s(3).
-7
Suppose -5*s + 46 = 91. Let p(x) be the first derivative of -x**4/4 - 3*x**3 - x**2/2 - 5*x + 4. Give p(s).
4
Let s(g) = -3*g**3 + 20*g**2 + 57*g - 18. Let o(n) = -n**3 + 7*n**2 + 20*n - 6. Let p(r) = -8*o(r) + 3*s(r). What is p(6)?
-12
Let a(y) = 15*y + 1. Suppose -11*v - 18 = -18. Suppose 3*u + 4 - 1 = v. Give a(u).
-14
Let v be 13/(104/24) - 1. Let r(o) be the first derivative of 5 - v*o - 1/2*o**2. Determine r(-1).
-1
Let h(k) = -k - 10. Let z be h(7). Let s = z + 11. Let p(c) be the second derivative of c**4/12 + 7*c**3/6 + 4*c**2 + 2*c + 351. Determine p(s).
2
Suppose 6*z = 11*z - 15. Suppose 19 = -8*s + z. Let t(m) = 2*m + 1. Give t(s).
-3
Let n(l) = l**3 - 6*l**2 + 2*l + 3. Suppose 5*j = 3*t - 0*t + 4, 0 = 5*j - 25. Let b(s) = 4*s - 23. Let y be b(t). Give n(y).
-12
Let b(y) = -3*y**2 + 7*y - 7 - 3*y**2 + 4*y**3 - 3*y**3. Suppose 5*k - 4*m - 64 = 0, -3*m - 39 - 12 = -4*k. Let d = -7 + k. What is b(d)?
3
Let l(t) = -72*t + 364. Let k be l(5). Let z(v) = 6*v - 7. Calculate z(k).
17
Let p(t) = -t**3 + 5*t**2 + 4*t - 6. Let l(r) = -67*r - 331. Let n be l(-5). Determine p(n).
26
Let h(d) be the third derivative of 0 + 0*d**3 - 1/3*d**4 + 0*d + 7*d**2 + 1/60*d**5. Determine h(7).
-7
Let z = 1/60 + 29/60. Let r(t) be the first derivative of 5 + 2*t + z*t**2. Give r(-1).
1
Let x(p) = 14*p**3 + 193*p**2 + 7*p - 18. Let h(r) = -5*r**3 - 68*r**2 - 2*r + 6. Let z(d) = -17*h(d) - 6*x(d). Give z(3).
-9
Let f(p) = p**2 - 3*p - 8. Let d be f(11). Suppose v = -5*k + 6*v - d, 4*k = -2*v - 40. Let q = 10 + k. Let g(z) = z - 2. Determine g(q).
-4
Let x(p) = 166*p + 3*p**2 - 328*p + 3*p**3 - 7 - p**3 + 160*p. What is x(-3)?
-28
Let w(n) be the second derivative of -n**4/12 + 5*n**3/3 - 5*n**2 - 247*n. Let q(v) = -v**3 + 6*v**2 + 8. Let z be q(6). What is w(z)?
6
Let k(l) be the first derivative of l**4/2 - 16*l**3/3 + 2*l + 630. Calculate k(8).
2
Let a(b) = 2*b**2 + b - 2. Let h be (-7)/49 - (-143)/(-77). Calculate a(h).
4
Let g be ((-48)/(-28))/(2/(-7)*-1). Suppose -g*c - 34 = 14. Let x(n) = n - 5. Calculate x(c).
-13
Let a(x) be the second derivative of 0 - 1/12*x**4 + 24*x + 7/2*x**2 - x**3. Determine a(-7).
0
Let j(x) = 1 - 30*x - 4 + 1 - x**2 - 8 + 31*x. Give j(0).
-10
Let x(a) be the first derivative of -a**2/2 - 6*a + 103. Give x(13).
-19
Let i = 98 - 60. Let y = i + -47. Let q(z) = z**3 + 9*z**2 - 6. Give q(y).
-6
Let o(c) = -7*c + 8. Let j(y) = 16*y - 17. Let m(n) = -6*j(n) - 13*o(n). Determine m(-7).
33
Let r(x) = -20*x - 5*x**2 - 3*x**3 + 12*x + 6 + 12*x**2 + 2*x**3. Determine r(6).
-6
Let z(y) = 65*y - 8 - 130*y + 64*y. Determine z(-16).
8
Let a(q) be the first derivative of 13*q**4/4 - 2*q**3/3 - q**2 - q + 39. Give a(-1).
-14
Let i(l) = 5*l + 4 - l - l. Let v be (-3)/6 + 814/(-4). Let z be (-140)/34 + (-24)/v. What is i(z)?
-8
Suppose -5*i + 10 = 0, 2*i + 1 - 6 = t. Let w(j) = 8*j**3 - j**2 + j + 1. What is w(t)?
-9
Let u(x) = 2*x**3 + 10*x**2 - x + 8. Let i(s) = s**3 + 5*s**2 - s + 4. Let z(g) = 9*i(g) - 4*u(g). What is z(-6)?
-2
Let l(u) = u - 1. Let h be 8/24 - (-20)/3. Let x = h + -14. Let k(i) = 2*i - 2. Let g(t) = x*l(t) + 6*k(t). What is g(4)?
15
Let i(w) = 3*w**3 + 3*w**2 - 6*w - 5. Let s(b) = -2*b**3 - 3*b**2 + 5*b + 4. Let a = 10 - 15. Let x(q) = a*s(q) - 4*i(q). Determine x(2).
-6
Let r(w) = 7*w**2 - w - 13. Let a(t) = 10*t**2 - 2*t - 19. Let c(g) = -5*a(g) + 7*r(g). Determine c(3).
4
Let w(d) = d + 8. Suppose -3*k + 9 = -6*k, -r - k = 16. Let n = r - -12. Let p = -5 + n. Determine w(p).
2
Let s be (64 - 67) + 5/6*4. Let f(r) be the first derivative of s*r**3 - r - r**2 + 8. Give f(3).
2
Let p(k) be the second derivative of -20*k + 0 + 1/20*k**5 + 9*k**2 + 0*k**4 - 1/6*k**3. Let u(w) = w**2 - 4*w + 3. Let h be u(3). Give p(h).
18
Let r(z) = 3*z - 2*z + 3*z + 2. Let t(p) = 4*p - 79 - 2*p**2 + 81 + 0*p**2. Let v be t(0). Determine r(v).
10
Let u(w) = -w**2 - 6*w + 5. Suppose 4*k + 72 + 19 = -5*q, 2*k + 8 = 0. Let j be 117/q - 4/20. Calculate u(j).
-11
Let z(o) be the first derivative of o**3/3 - o**2/2 + 3*o - 86. Calculate z(3).
9
Let n be ((-40)/(-25))/(-1*4/(-10)). S